 + 3?
1517
In base 6, what is 44 + 204?
252
In base 10, what is 39 - 454?
-415
In base 15, what is -191 - -3?
-18d
In base 9, what is 13 - 5?
7
In base 16, what is -3 + -4?
-7
In base 5, what is -4 - -2012?
2003
In base 16, what is -dd + 2?
-db
In base 13, what is -4 - 1562?
-1566
In base 9, what is -1625 - -4?
-1621
In base 13, what is 4 + -164?
-160
In base 13, what is 55 + -3?
52
In base 6, what is 4 + -1031?
-1023
In base 16, what is -ff1 + -2?
-ff3
In base 2, what is 100 - -1101?
10001
In base 4, what is 12 + -1002131?
-1002113
In base 7, what is -2 - -5120?
5115
In base 10, what is -14 - 459?
-473
In base 10, what is 110 - 0?
110
In base 13, what is -2 - -25?
23
In base 6, what is -4 + -4400?
-4404
In base 16, what is 8 + 2d?
35
In base 14, what is -30 - 17?
-47
In base 10, what is -1 - -35?
34
In base 2, what is -1100 - 100001?
-101101
In base 12, what is 646 - 3?
643
In base 11, what is 4 - 194?
-190
In base 12, what is 324 + -10?
314
In base 6, what is 52020 - 5?
52011
In base 7, what is -5 - -106?
101
In base 10, what is -7 - -38?
31
In base 9, what is 2255 - 1?
2254
In base 16, what is -2 - a5?
-a7
In base 3, what is 21202 - -21?
22000
In base 16, what is 0 - -13?
13
In base 10, what is 3 - -203?
206
In base 15, what is 4 - -c2?
c6
In base 13, what is c + -a?
2
In base 6, what is -2254 - -5?
-2245
In base 11, what is -424 + 1?
-423
In base 9, what is 3 + -470?
-466
In base 5, what is -200 + 10?
-140
In base 11, what is 8 - -4?
11
In base 11, what is -987 + -3?
-98a
In base 11, what is -58 + -a8?
-155
In base 12, what is -2 + 2289?
2287
In base 10, what is -248 - 3?
-251
In base 11, what is 336 - -3?
339
In base 5, what is -103 - 3311?
-3414
In base 3, what is -102122 + 21?
-102101
In base 14, what is -454b + -5?
-4552
In base 9, what is 5 - -1786?
1802
In base 8, what is 4 + 2560?
2564
In base 10, what is -2 + 21?
19
In base 10, what is 22 + -44?
-22
In base 5, what is 11 - 402?
-341
In base 6, what is -225 - -3?
-222
In base 16, what is 2091 + 2?
2093
In base 2, what is 10001 + -101?
1100
In base 6, what is -2 + 5?
3
In base 7, what is 6 + -15?
-6
In base 9, what is 18 - 12?
6
In base 9, what is 2824 - -4?
2828
In base 15, what is -c9 + 6?
-c3
In base 15, what is -14 + 4?
-10
In base 10, what is 3 - -2512?
2515
In base 4, what is 2 + 20331?
20333
In base 6, what is 45320 + 4?
45324
In base 14, what is -6 + 6b5?
6ad
In base 8, what is 1 + 35?
36
In base 4, what is -10 - 213?
-223
In base 7, what is 6 + 1?
10
In base 5, what is 1 + -23?
-22
In base 2, what is 11011000 + -101?
11010011
In base 12, what is -3 - 93?
-96
In base 8, what is 4407 + 1?
4410
In base 6, what is 2 - 100?
-54
In base 13, what is -2 - -25?
23
In base 3, what is 11 + 0?
11
In base 6, what is 1004 + -5?
555
In base 13, what is -11 + -1?
-12
In base 3, what is 12 + -222?
-210
In base 11, what is 25 + -5?
20
In base 2, what is -101 + 100010?
11101
In base 11, what is a7 - 5?
a2
In base 2, what is -110 - 1100011100?
-1100100010
In base 5, what is 340 - -10?
400
In base 4, what is 3000 + -1?
2333
In base 2, what is 100 - 1011001?
-1010101
In base 9, what is -2253 + 3?
-2250
In base 6, what is 210324 - 5?
210315
In base 15, what is -360 - 2?
-362
In base 16, what is 21a8 - 2?
21a6
In base 15, what is -2 - c4?
-c6
In base 14, what is -4 - -3a?
36
In base 3, what is 2 + 2022?
2101
In base 6, what is 13312 - -4?
13320
In base 4, what is -1132 - 2?
-1200
In base 16, what is 6b - -5?
70
In base 4, what is 21 + 31?
112
In base 13, what is -1 - -3c1?
3c0
In base 9, what is -5 + 106?
101
In base 8, what is -1520 + -5?
-1525
In base 2, what is -10 + 10110001?
10101111
In base 10, what is -911 - -3?
-908
In base 6, what is -5 + 105?
100
In base 11, what is -1635 + 7?
-1629
In base 11, what is -1 - -19a?
199
In base 3, what is -20 + 11?
-2
In base 3, what is -1101 - -2?
-1022
In base 5, what is -41 + 211?
120
In base 8, what is -5 + -153?
-160
In base 9, what is 1564 - 3?
1561
In base 16, what is -27 + 1f?
-8
In base 16, what is 3 - 20?
-1d
In base 12, what is 225 - 3?
222
In base 7, what is -52 - -24?
-25
In base 8, what is -60 - 4?
-64
In base 4, what is 1120223 + 1?
1120230
In base 13, what is 4 - -76?
7a
In base 15, what is 16 + 11b?
132
In base 10, what is -38 + 159?
121
In base 9, what is 3 - -2443?
2446
In base 10, what is 17 - -103?
120
In base 2, what is 11010111 + 10010?
11101001
In base 4, what is 3012 + 100?
3112
In base 3, what is 121 - 2100211?
-2100020
In base 3, what is 1010221 + -11?
1010210
In base 10, what is 4 - 1656?
-1652
In base 6, what is 5 + -352?
-343
In base 11, what is -58 - 4?
-61
In base 9, what is 11578 - 4?
11574
In base 3, what is -2 - -11110?
11101
In base 12, what is 1b00 + 0?
1b00
In base 2, what is 1010111 - 1011?
1001100
In base 10, what is -10658 - -1?
-10657
In base 2, what is 1000000 - 10100?
101100
In base 13, what is 4 - -74?
78
In base 6, what is -122 - 22?
-144
In base 12, what is -7b + 1a?
-61
In base 12, what is -15a3 - -3?
-15a0
In base 16, what is 7 + 354?
35b
In base 15, what is e - -2?
11
In base 15, what is -4 - -68c?
688
In base 3, what is 122 - -221?
1120
In base 2, what is -11110001 + -10?
-11110011
In base 4, what is 1123231 - 11?
1123220
In base 16, what is -346 - 5?
-34b
In base 11, what is 71 - 2?
6a
In base 5, what is -10 - -11012?
11002
In base 7, what is -5 - -454?
446
In base 16, what is -382 + 5?
-37d
In base 12, what is 185 - 7?
17a
In base 2, what is -1000 + -111?
-1111
In base 6, what is -1212 + 0?
-1212
In base 7, what is -135 + -356?
-524
In base 2, what is -11 + -100?
-111
In base 7, what is -3122 + 10?
-3112
In base 14, what is -1 - -70?
6d
In base 4, what is 33 + 3210?
3303
In base 6, what is 131 + 5?
140
In base 11, what is 4 + 16?
1a
In base 15, what is -2 + -32d?
-330
In base 8, what is -307 - 7?
-316
In base 7, what is -54 + 22?
-32
In base 14, what is 15b4 + 4?
15b8
In base 9, what is -617 + 4?
-613
In base 9, what is 454 - 1?
453
In base 13, what is -c - 156?
-165
In base 7, what is -2 + 31?
26
In base 6, what is 35253 + 1?
35254
In base 3, what is 2001 - 10?
1221
In base 11, what is 6 - 1?
5
In base 14, what is -2 - 1800?
-1802
In base 15, what is -14 - c4?
-d8
In base 14, what is 51 - 1?
50
In base 9, what is -13 + 2835?
2822
In base 9, what is -256 - -2?
-254
In base 4, what is 2010 + 12?
2022
In base 7, what is 5 - 40?
-32
In base 8, what is 14523 + 1?
14524
In base 3, what is 2 - -22210010?
22210012
In base 10, what is 3556 - 2?
3554
In base 4, what is -2 - -10132?
10130
In base 16, what is 40 + -6c?
-2c
In base 6, what is 22 + 215?
241
In base 8, what is -3 - -123?
120
In base 8, what is 7 - 305?
-276
In base 6, what is 140 - -21?
201
In base 6, what is 5 - -13?
22
In base 2, what is 0 - -11000?
11000
In base 7, what is 6 - 43?
-34
In base 9, what is -6 - 1?
-7
In base 7, what is 1600 - 2?
1565
In base 3, what is 12122 - 11?
12111
In base 11, what is a - -40?
4a
In base 10, what is -34 + -3?
-37
In base 5, what is -1000 + 1?
-444
In base 5, what is 4 + 102144?
102203
In base 7, what is -1 + -2512?
-2513
In base 13, what is 1 + 10b3?
10b4
In base 13, what is 9 + -43?
-37
In base 13, what is -7c - 14a?
-1c9
In base 16, what is 0 - -506?
506
In base 13, what is -2 + 136?
134
In base 10, what is 1128 + -2?
1126
In base 13, what is 3 - -12?
15
In base 15, what is -2c - -5?
-27
In base 11, what is -27 - -81?
55
In base 14, what is -8 - 11?
-19
In base 13, what is 3 - 43a2?
-439c
In base 2, what is -100 + 10000000?
1111100
In base 11, what is -8 - 21?
-29
In base 10, what is 5 + -181?
-176
In base 8, what is 5 + -115?
-110
In base 8, what is 0 - -6605?
6605
In base 9, what is 1 + 281?
282
In base 8, what is 12 + 155?
167
In base 7, what is 2 - 133?
-131
In base 16, what is 357 - 0?
357
In base 10, what is 60 + 0?
60
In base 6, what is -254 + -222?
-520
In base 6, what is 4 - -5233?
5241
In base 5, what is 32 + -202?
-120
In base 8, what is -334 - 11?
-345
In base 7, what is 33431 + 2?
33433
In base 7, what is -112 - -22?
-60
In base 16, what is -4 + -2?
-6
In base 15, what is -d - -1?
-c
In base 11, what is 20 - -89?
a9
In base 7, what is -64 + -103?
-200
In base 15, what is 1 - -b6?
b7
In base 12, what is 4 + 36?
3a
In base 11, what is 53 + 4?
57
In base 10, what is 21 - -242?
263
In base 5, what i